{"id":19,"date":"2024-03-08T10:12:22","date_gmt":"2024-03-08T09:12:22","guid":{"rendered":"https:\/\/randochevalbonnemazou.com\/?page_id=19"},"modified":"2025-03-12T10:44:36","modified_gmt":"2025-03-12T09:44:36","slug":"balades-initiations","status":"publish","type":"page","link":"https:\/\/randochevalbonnemazou.com\/index.php\/balades-initiations\/","title":{"rendered":"Balades &#038; initiations"},"content":{"rendered":"\t\t<div data-elementor-type=\"wp-page\" data-elementor-id=\"19\" class=\"elementor elementor-19\">\n\t\t\t\t<div class=\"elementor-element elementor-element-d6ef853 e-flex e-con-boxed wpr-particle-no wpr-jarallax-no wpr-parallax-no wpr-sticky-section-no e-con e-parent\" data-id=\"d6ef853\" data-element_type=\"container\" data-e-type=\"container\">\n\t\t\t\t\t<div class=\"e-con-inner\">\n\t\t\t\t<div class=\"elementor-element elementor-element-2aabde1 elementor-widget elementor-widget-heading\" data-id=\"2aabde1\" data-element_type=\"widget\" data-e-type=\"widget\" data-widget_type=\"heading.default\">\n\t\t\t\t<div class=\"elementor-widget-container\">\n\t\t\t\t\t<h2 class=\"elementor-heading-title elementor-size-default\">Balades &amp; initiations<\/h2>\t\t\t\t<\/div>\n\t\t\t\t<\/div>\n\t\t\t\t\t<\/div>\n\t\t\t\t<\/div>\n\t\t<div class=\"elementor-element elementor-element-eea750e e-flex e-con-boxed wpr-particle-no wpr-jarallax-no wpr-parallax-no wpr-sticky-section-no e-con e-parent\" data-id=\"eea750e\" data-element_type=\"container\" data-e-type=\"container\">\n\t\t\t\t\t<div class=\"e-con-inner\">\n\t\t\t\t<div class=\"elementor-element elementor-element-d5b85b2 elementor-widget__width-initial elementor-widget-mobile__width-inherit elementor-widget elementor-widget-text-editor\" data-id=\"d5b85b2\" data-element_type=\"widget\" data-e-type=\"widget\" data-widget_type=\"text-editor.default\">\n\t\t\t\t<div class=\"elementor-widget-container\">\n\t\t\t\t\t\t\t\t\t<div data-v-c26ff75d=\"\" data-animation-state=\"active\"><div id=\"zlbabx\" data-v-c26ff75d=\"\" data-qa=\"gridtextbox:zlbabx\"><p dir=\"auto\" style=\"text-align: left;\">Vous pouvez aussi d\u00e9couvrir \u00e0 cheval la montagne et ses paysages \u00e9poustouflants au travers de balades, de demi-journ\u00e9es ou de journ\u00e9es en Vall\u00e9e d&rsquo;Aspe.<\/p><p>P\u00e9riode : d&rsquo;avril \u00e0 octobre (week-ends &amp; vacances scolaires uniquement).<\/p><p>\u00a0<\/p><p>A partir de 6 ans.<\/p><p>\u00a0<\/p><\/div><\/div><div data-v-c26ff75d=\"\" data-animation-state=\"active\"><div id=\"zWZz5G\" data-v-c26ff75d=\"\" data-qa=\"gridtextbox:zwzz5g\"><p dir=\"auto\">Formules :<\/p><ul dir=\"auto\"><li><p dir=\"auto\">Balade 1h : 25\u20ac par\u00a0 cavalier<\/p><\/li><li><p dir=\"auto\">Balade 2h : 40\u20ac par cavalier<\/p><\/li><li><p dir=\"auto\">Demi-journ\u00e9e : 70\u20ac par cavalier<\/p><\/li><li><p dir=\"auto\">Journ\u00e9e* : 100\u20ac par cavalier (120\u20ac pique-nique compris)<\/p><\/li><li><p dir=\"auto\">Randonn\u00e9e de 2 ou 3 jours* : prix sur demande<\/p><\/li><\/ul><\/div><p>\u00a0<\/p><p>*Cavaliers \u00e0 l&rsquo;aise aux 3 allures uniquement<\/p><\/div>\t\t\t\t\t\t\t\t<\/div>\n\t\t\t\t<\/div>\n\t\t\t\t<div class=\"elementor-element elementor-element-c66aff0 elementor-widget elementor-widget-image\" data-id=\"c66aff0\" data-element_type=\"widget\" data-e-type=\"widget\" data-widget_type=\"image.default\">\n\t\t\t\t<div class=\"elementor-widget-container\">\n\t\t\t\t\t\t\t\t\t\t\t\t\t\t\t<img fetchpriority=\"high\" decoding=\"async\" width=\"756\" height=\"425\" src=\"https:\/\/randochevalbonnemazou.com\/wp-content\/uploads\/2024\/03\/estaens-AR07E1R0Z6S5X7RP.jpg\" class=\"attachment-large size-large wp-image-279\" alt=\"\" srcset=\"https:\/\/randochevalbonnemazou.com\/wp-content\/uploads\/2024\/03\/estaens-AR07E1R0Z6S5X7RP.jpg 756w, https:\/\/randochevalbonnemazou.com\/wp-content\/uploads\/2024\/03\/estaens-AR07E1R0Z6S5X7RP-600x337.jpg 600w, https:\/\/randochevalbonnemazou.com\/wp-content\/uploads\/2024\/03\/estaens-AR07E1R0Z6S5X7RP-300x169.jpg 300w\" sizes=\"(max-width: 756px) 100vw, 756px\" \/>\t\t\t\t\t\t\t\t\t\t\t\t\t\t\t<\/div>\n\t\t\t\t<\/div>\n\t\t\t\t\t<\/div>\n\t\t\t\t<\/div>\n\t\t\t\t<\/div>\n\t\t","protected":false},"excerpt":{"rendered":"<p>Balades &amp; initiations Vous pouvez aussi d\u00e9couvrir \u00e0 cheval la montagne et ses paysages \u00e9poustouflants au travers de balades, de demi-journ\u00e9es ou de journ\u00e9es en Vall\u00e9e d&rsquo;Aspe. P\u00e9riode : d&rsquo;avril \u00e0 octobre (week-ends &amp; vacances scolaires uniquement). \u00a0 A partir de 6 ans. \u00a0 Formules : Balade 1h : 25\u20ac par\u00a0 cavalier Balade 2h : 40\u20ac par cavalier Demi-journ\u00e9e : 70\u20ac par cavalier Journ\u00e9e* : 100\u20ac par cavalier (120\u20ac pique-nique compris) Randonn\u00e9e de 2 ou 3 jours* : prix sur demande \u00a0 *Cavaliers \u00e0 l&rsquo;aise aux 3 allures uniquement<\/p>\n","protected":false},"author":1,"featured_media":0,"parent":0,"menu_order":0,"comment_status":"closed","ping_status":"closed","template":"","meta":{"footnotes":""},"class_list":["post-19","page","type-page","status-publish","hentry","entry"],"yoast_head":"<!-- This site is optimized with the Yoast SEO plugin v27.1.1 - https:\/\/yoast.com\/product\/yoast-seo-wordpress\/ -->\n<title>Balades &amp; initiations - Randonn\u00e9es \u00e0 cheval Bonnemazou<\/title>\n<meta name=\"robots\" content=\"index, follow, max-snippet:-1, max-image-preview:large, max-video-preview:-1\" \/>\n<link rel=\"canonical\" href=\"https:\/\/randochevalbonnemazou.com\/index.php\/balades-initiations\/\" \/>\n<meta property=\"og:locale\" content=\"fr_FR\" \/>\n<meta property=\"og:type\" content=\"article\" \/>\n<meta property=\"og:title\" content=\"Balades &amp; initiations - Randonn\u00e9es \u00e0 cheval Bonnemazou\" \/>\n<meta property=\"og:description\" content=\"Balades &amp; initiations Vous pouvez aussi d\u00e9couvrir \u00e0 cheval la montagne et ses paysages \u00e9poustouflants au travers de balades, de demi-journ\u00e9es ou de journ\u00e9es en Vall\u00e9e d&rsquo;Aspe. P\u00e9riode : d&rsquo;avril \u00e0 octobre (week-ends &amp; vacances scolaires uniquement). \u00a0 A partir de 6 ans. \u00a0 Formules : Balade 1h : 25\u20ac par\u00a0 cavalier Balade 2h : 40\u20ac par cavalier Demi-journ\u00e9e : 70\u20ac par cavalier Journ\u00e9e* : 100\u20ac par cavalier (120\u20ac pique-nique compris) Randonn\u00e9e de 2 ou 3 jours* : prix sur demande \u00a0 *Cavaliers \u00e0 l&rsquo;aise aux 3 allures uniquement\" \/>\n<meta property=\"og:url\" content=\"https:\/\/randochevalbonnemazou.com\/index.php\/balades-initiations\/\" \/>\n<meta property=\"og:site_name\" content=\"Randonn\u00e9es \u00e0 cheval Bonnemazou\" \/>\n<meta property=\"article:modified_time\" content=\"2025-03-12T09:44:36+00:00\" \/>\n<meta property=\"og:image\" content=\"https:\/\/randochevalbonnemazou.com\/wp-content\/uploads\/2024\/03\/estaens-AR07E1R0Z6S5X7RP.jpg\" \/>\n\t<meta property=\"og:image:width\" content=\"756\" \/>\n\t<meta property=\"og:image:height\" content=\"425\" \/>\n\t<meta property=\"og:image:type\" content=\"image\/jpeg\" \/>\n<meta name=\"twitter:card\" content=\"summary_large_image\" \/>\n<meta name=\"twitter:label1\" content=\"Dur\u00e9e de lecture estim\u00e9e\" \/>\n\t<meta name=\"twitter:data1\" content=\"1 minute\" \/>\n<script type=\"application\/ld+json\" class=\"yoast-schema-graph\">{\"@context\":\"https:\/\/schema.org\",\"@graph\":[{\"@type\":\"WebPage\",\"@id\":\"https:\/\/randochevalbonnemazou.com\/index.php\/balades-initiations\/\",\"url\":\"https:\/\/randochevalbonnemazou.com\/index.php\/balades-initiations\/\",\"name\":\"Balades & initiations - Randonn\u00e9es \u00e0 cheval Bonnemazou\",\"isPartOf\":{\"@id\":\"https:\/\/randochevalbonnemazou.com\/#website\"},\"primaryImageOfPage\":{\"@id\":\"https:\/\/randochevalbonnemazou.com\/index.php\/balades-initiations\/#primaryimage\"},\"image\":{\"@id\":\"https:\/\/randochevalbonnemazou.com\/index.php\/balades-initiations\/#primaryimage\"},\"thumbnailUrl\":\"https:\/\/randochevalbonnemazou.com\/wp-content\/uploads\/2024\/03\/estaens-AR07E1R0Z6S5X7RP.jpg\",\"datePublished\":\"2024-03-08T09:12:22+00:00\",\"dateModified\":\"2025-03-12T09:44:36+00:00\",\"breadcrumb\":{\"@id\":\"https:\/\/randochevalbonnemazou.com\/index.php\/balades-initiations\/#breadcrumb\"},\"inLanguage\":\"fr-FR\",\"potentialAction\":[{\"@type\":\"ReadAction\",\"target\":[\"https:\/\/randochevalbonnemazou.com\/index.php\/balades-initiations\/\"]}]},{\"@type\":\"ImageObject\",\"inLanguage\":\"fr-FR\",\"@id\":\"https:\/\/randochevalbonnemazou.com\/index.php\/balades-initiations\/#primaryimage\",\"url\":\"https:\/\/randochevalbonnemazou.com\/wp-content\/uploads\/2024\/03\/estaens-AR07E1R0Z6S5X7RP.jpg\",\"contentUrl\":\"https:\/\/randochevalbonnemazou.com\/wp-content\/uploads\/2024\/03\/estaens-AR07E1R0Z6S5X7RP.jpg\",\"width\":756,\"height\":425},{\"@type\":\"BreadcrumbList\",\"@id\":\"https:\/\/randochevalbonnemazou.com\/index.php\/balades-initiations\/#breadcrumb\",\"itemListElement\":[{\"@type\":\"ListItem\",\"position\":1,\"name\":\"Accueil\",\"item\":\"https:\/\/randochevalbonnemazou.com\/\"},{\"@type\":\"ListItem\",\"position\":2,\"name\":\"Balades &#038; initiations\"}]},{\"@type\":\"WebSite\",\"@id\":\"https:\/\/randochevalbonnemazou.com\/#website\",\"url\":\"https:\/\/randochevalbonnemazou.com\/\",\"name\":\"Randonn\u00e9es \u00e0 cheval Bonnemazou\",\"description\":\"\",\"publisher\":{\"@id\":\"https:\/\/randochevalbonnemazou.com\/#\/schema\/person\/c5349355bf191cee665369b9c791061c\"},\"potentialAction\":[{\"@type\":\"SearchAction\",\"target\":{\"@type\":\"EntryPoint\",\"urlTemplate\":\"https:\/\/randochevalbonnemazou.com\/?s={search_term_string}\"},\"query-input\":{\"@type\":\"PropertyValueSpecification\",\"valueRequired\":true,\"valueName\":\"search_term_string\"}}],\"inLanguage\":\"fr-FR\"},{\"@type\":[\"Person\",\"Organization\"],\"@id\":\"https:\/\/randochevalbonnemazou.com\/#\/schema\/person\/c5349355bf191cee665369b9c791061c\",\"name\":\"randochevalbonnemazou.com\",\"image\":{\"@type\":\"ImageObject\",\"inLanguage\":\"fr-FR\",\"@id\":\"https:\/\/randochevalbonnemazou.com\/#\/schema\/person\/image\/\",\"url\":\"https:\/\/randochevalbonnemazou.com\/wp-content\/uploads\/2024\/03\/Logo-amarillo.png\",\"contentUrl\":\"https:\/\/randochevalbonnemazou.com\/wp-content\/uploads\/2024\/03\/Logo-amarillo.png\",\"width\":1044,\"height\":608,\"caption\":\"randochevalbonnemazou.com\"},\"logo\":{\"@id\":\"https:\/\/randochevalbonnemazou.com\/#\/schema\/person\/image\/\"},\"sameAs\":[\"https:\/\/randochevalbonnemazou.com\"]}]}<\/script>\n<!-- \/ Yoast SEO plugin. -->","yoast_head_json":{"title":"Balades & initiations - Randonn\u00e9es \u00e0 cheval Bonnemazou","robots":{"index":"index","follow":"follow","max-snippet":"max-snippet:-1","max-image-preview":"max-image-preview:large","max-video-preview":"max-video-preview:-1"},"canonical":"https:\/\/randochevalbonnemazou.com\/index.php\/balades-initiations\/","og_locale":"fr_FR","og_type":"article","og_title":"Balades & initiations - Randonn\u00e9es \u00e0 cheval Bonnemazou","og_description":"Balades &amp; initiations Vous pouvez aussi d\u00e9couvrir \u00e0 cheval la montagne et ses paysages \u00e9poustouflants au travers de balades, de demi-journ\u00e9es ou de journ\u00e9es en Vall\u00e9e d&rsquo;Aspe. P\u00e9riode : d&rsquo;avril \u00e0 octobre (week-ends &amp; vacances scolaires uniquement). \u00a0 A partir de 6 ans. \u00a0 Formules : Balade 1h : 25\u20ac par\u00a0 cavalier Balade 2h : 40\u20ac par cavalier Demi-journ\u00e9e : 70\u20ac par cavalier Journ\u00e9e* : 100\u20ac par cavalier (120\u20ac pique-nique compris) Randonn\u00e9e de 2 ou 3 jours* : prix sur demande \u00a0 *Cavaliers \u00e0 l&rsquo;aise aux 3 allures uniquement","og_url":"https:\/\/randochevalbonnemazou.com\/index.php\/balades-initiations\/","og_site_name":"Randonn\u00e9es \u00e0 cheval Bonnemazou","article_modified_time":"2025-03-12T09:44:36+00:00","og_image":[{"width":756,"height":425,"url":"https:\/\/randochevalbonnemazou.com\/wp-content\/uploads\/2024\/03\/estaens-AR07E1R0Z6S5X7RP.jpg","type":"image\/jpeg"}],"twitter_card":"summary_large_image","twitter_misc":{"Dur\u00e9e de lecture estim\u00e9e":"1 minute"},"schema":{"@context":"https:\/\/schema.org","@graph":[{"@type":"WebPage","@id":"https:\/\/randochevalbonnemazou.com\/index.php\/balades-initiations\/","url":"https:\/\/randochevalbonnemazou.com\/index.php\/balades-initiations\/","name":"Balades & initiations - Randonn\u00e9es \u00e0 cheval Bonnemazou","isPartOf":{"@id":"https:\/\/randochevalbonnemazou.com\/#website"},"primaryImageOfPage":{"@id":"https:\/\/randochevalbonnemazou.com\/index.php\/balades-initiations\/#primaryimage"},"image":{"@id":"https:\/\/randochevalbonnemazou.com\/index.php\/balades-initiations\/#primaryimage"},"thumbnailUrl":"https:\/\/randochevalbonnemazou.com\/wp-content\/uploads\/2024\/03\/estaens-AR07E1R0Z6S5X7RP.jpg","datePublished":"2024-03-08T09:12:22+00:00","dateModified":"2025-03-12T09:44:36+00:00","breadcrumb":{"@id":"https:\/\/randochevalbonnemazou.com\/index.php\/balades-initiations\/#breadcrumb"},"inLanguage":"fr-FR","potentialAction":[{"@type":"ReadAction","target":["https:\/\/randochevalbonnemazou.com\/index.php\/balades-initiations\/"]}]},{"@type":"ImageObject","inLanguage":"fr-FR","@id":"https:\/\/randochevalbonnemazou.com\/index.php\/balades-initiations\/#primaryimage","url":"https:\/\/randochevalbonnemazou.com\/wp-content\/uploads\/2024\/03\/estaens-AR07E1R0Z6S5X7RP.jpg","contentUrl":"https:\/\/randochevalbonnemazou.com\/wp-content\/uploads\/2024\/03\/estaens-AR07E1R0Z6S5X7RP.jpg","width":756,"height":425},{"@type":"BreadcrumbList","@id":"https:\/\/randochevalbonnemazou.com\/index.php\/balades-initiations\/#breadcrumb","itemListElement":[{"@type":"ListItem","position":1,"name":"Accueil","item":"https:\/\/randochevalbonnemazou.com\/"},{"@type":"ListItem","position":2,"name":"Balades &#038; initiations"}]},{"@type":"WebSite","@id":"https:\/\/randochevalbonnemazou.com\/#website","url":"https:\/\/randochevalbonnemazou.com\/","name":"Randonn\u00e9es \u00e0 cheval Bonnemazou","description":"","publisher":{"@id":"https:\/\/randochevalbonnemazou.com\/#\/schema\/person\/c5349355bf191cee665369b9c791061c"},"potentialAction":[{"@type":"SearchAction","target":{"@type":"EntryPoint","urlTemplate":"https:\/\/randochevalbonnemazou.com\/?s={search_term_string}"},"query-input":{"@type":"PropertyValueSpecification","valueRequired":true,"valueName":"search_term_string"}}],"inLanguage":"fr-FR"},{"@type":["Person","Organization"],"@id":"https:\/\/randochevalbonnemazou.com\/#\/schema\/person\/c5349355bf191cee665369b9c791061c","name":"randochevalbonnemazou.com","image":{"@type":"ImageObject","inLanguage":"fr-FR","@id":"https:\/\/randochevalbonnemazou.com\/#\/schema\/person\/image\/","url":"https:\/\/randochevalbonnemazou.com\/wp-content\/uploads\/2024\/03\/Logo-amarillo.png","contentUrl":"https:\/\/randochevalbonnemazou.com\/wp-content\/uploads\/2024\/03\/Logo-amarillo.png","width":1044,"height":608,"caption":"randochevalbonnemazou.com"},"logo":{"@id":"https:\/\/randochevalbonnemazou.com\/#\/schema\/person\/image\/"},"sameAs":["https:\/\/randochevalbonnemazou.com"]}]}},"_links":{"self":[{"href":"https:\/\/randochevalbonnemazou.com\/index.php\/wp-json\/wp\/v2\/pages\/19","targetHints":{"allow":["GET"]}}],"collection":[{"href":"https:\/\/randochevalbonnemazou.com\/index.php\/wp-json\/wp\/v2\/pages"}],"about":[{"href":"https:\/\/randochevalbonnemazou.com\/index.php\/wp-json\/wp\/v2\/types\/page"}],"author":[{"embeddable":true,"href":"https:\/\/randochevalbonnemazou.com\/index.php\/wp-json\/wp\/v2\/users\/1"}],"replies":[{"embeddable":true,"href":"https:\/\/randochevalbonnemazou.com\/index.php\/wp-json\/wp\/v2\/comments?post=19"}],"version-history":[{"count":10,"href":"https:\/\/randochevalbonnemazou.com\/index.php\/wp-json\/wp\/v2\/pages\/19\/revisions"}],"predecessor-version":[{"id":728,"href":"https:\/\/randochevalbonnemazou.com\/index.php\/wp-json\/wp\/v2\/pages\/19\/revisions\/728"}],"wp:attachment":[{"href":"https:\/\/randochevalbonnemazou.com\/index.php\/wp-json\/wp\/v2\/media?parent=19"}],"curies":[{"name":"wp","href":"https:\/\/api.w.org\/{rel}","templated":true}]}}